e
Is 4/(-14) + 24488/56 prime?
False
Let m(i) = i**2 + 7*i + 2. Let v be m(-5). Let t = -4 - v. Is t a composite number?
True
Let n(a) = -9*a - 2*a**2 + 3*a + a**2. Let w be n(-6). Suppose w = l - 0*l - 53. Is l prime?
True
Let p(s) = s**3 + 10*s**2 + 9*s + 9. Suppose 3*a + 24 = -0*a. Is p(a) composite?
True
Let u(d) = 6*d**2 - 7*d - 9. Is u(-8) composite?
False
Suppose -5*k + 10 = -4*k. Is k prime?
False
Suppose -5*a + 0*a = -235. Let w = 86 - a. Suppose -w = -d - 4*p, 4*d + 0*d + 5*p - 145 = 0. Is d a prime number?
False
Let j be 3/(-2) + 9716/8. Suppose 0 = 4*q - 3*q - j. Is q prime?
True
Suppose -5*v = -4*d + 144, -d - 4*d + 2*v = -197. Let x = d + -4. Is x a composite number?
False
Suppose 0 = 5*u + 4*l + l - 820, 0 = l - 1. Let w = u - 5. Is w composite?
True
Suppose -3*y - f + 224 = -645, -f = y - 289. Suppose x = -3*v - 32 + 2, 0 = 5*x - 15. Is 2/v - y/(-22) a composite number?
False
Let p = 5 - 9. Let k = p + 9. Is k/((-33)/(-15) - 2) composite?
True
Let d = -6309 - -13408. Is d a prime number?
False
Let n = -271 - -567. Let p = n + -181. Is p a composite number?
True
Let y = 26 - 4. Is y prime?
False
Is (-11 + 10)*(-164)/2 prime?
False
Suppose 7*s = 3*s + 5*g + 1170, -3*s = g - 868. Let a = 262 + s. Is (-6)/30 - a/(-10) composite?
True
Is 2 + -3 + -3 + 365 prime?
False
Suppose 0 = -3*u + 2*q - 4, -6*u + 3*q - 7 = -2*u. Is u/4 + 2550/12 a composite number?
True
Suppose 3*s + 2*o - 1280 = -s, 5*o + 628 = 2*s. Is s a prime number?
False
Let d = 47 + -169. Let l(v) = -v**3 - v**2 - v - 57. Let h be l(0). Let t = h - d. Is t prime?
False
Let l be (-11 + 5)*(-3)/(-2). Let z(d) = -d**3 - 10*d**2 - 8*d + 11. Let g be z(l). Suppose g*w + 4*a - 46 + 16 = 0, 4*w - 110 = 2*a. Is w a composite number?
True
Suppose g - 3 = 2. Suppose 55 = 5*y - g*i, -2*y + i = 2*y - 29. Suppose 3*u - y = u. Is u a composite number?
False
Suppose 1830 = 2*y + 3*y. Let n be 1 - y/(2 - 5). Let x = n + 68. Is x composite?
False
Let j(i) = 12*i + 5. Let u be j(5). Suppose q + 2*s - 89 = s, q = 5*s + u. Is q prime?
False
Suppose y + y = -4*r + 514, 0 = -4*y + 3*r + 1072. Suppose -2*j + y = 3*j. Is j a prime number?
True
Let k = 377 + -70. Is k a prime number?
True
Let m(d) = -6*d**3 + d**2 - 4*d - 8. Is m(-5) a prime number?
True
Let x = 1213 - 406. Suppose 0 = -2*p + 5*p - x. Let j = p - 150. Is j composite?
True
Let p be -3 - (-460 + (1 - 4)). Suppose -2*h + 4*n = -160, 0*h - p = -5*h - 2*n. Suppose 0 = l - o - 24, o - h = -5*l - 0*o. Is l prime?
True
Let r(w) = -w**3 - 3*w**2 + 3*w + 6. Let c be r(-5). Let i = c + -2. Let m = 64 - i. Is m composite?
True
Let v(r) = 1 + 0*r - 10*r - 3 + 1. Is v(-2) prime?
True
Suppose -44 = -2*z + 38. Let c = 98 - 134. Let t = z - c. Is t composite?
True
Suppose 3*u + 5*k + 27 = 0, 4*u + 28 = -2*k - 2*k. Let w = u - -31. Is (-6)/w - 400/(-18) composite?
True
Let j(x) = -x**2 + 1. Let k be j(1). Suppose h - 2*b - 45 = k, -2*h + 74 = -3*b - 12. Is h composite?
False
Let s(l) = 3*l**2 + 2*l - 6. Is s(5) a prime number?
True
Let k(u) = -246*u - 1. Is k(-2) composite?
False
Let r(g) = g + 3. Let j be r(-4). Let x be ((-33)/(-2))/(j/(-2)). Suppose 2*p = k - x, 2*p = -3*p. Is k prime?
False
Suppose 0 = i + 4 - 1, 0 = 2*b - 3*i - 133. Suppose -150 = -4*k + b. Is k prime?
True
Suppose 0 = q + 4*s - 27, 2*s = -3*q + 3*s + 94. Suppose 5*d - 356 + q = 0. Is d composite?
True
Suppose 0 = -2*f + 544 + 630. Is f a composite number?
False
Let m be (-4)/(-4) + -2 + -2. Let a(i) = i**3 - 4*i**2 - 3*i + 1. Let s(b) = -2*b**3 + 4*b**2 + 4*b. Let x(v) = -3*a(v) - 2*s(v). Is x(m) a composite number?
False
Let x be 0 - (0 - -2 - 129). Let k = 192 - x. Is k prime?
False
Let x(d) = -d + 2. Let m be x(0). Suppose 0 = o + m*o. Suppose -64 = -4*n - 2*f + 2, o = 2*n - 4*f - 58. Is n composite?
False
Let t be 3*(2 + (-106)/3). Let w = t - -189. Is w a composite number?
False
Let l be 4/(-6) - (-172)/6. Suppose 5*h - 27 = l. Is h a composite number?
False
Let f(b) = -2*b + 2. Let y be f(5). Let t be 4/(y/(-10))*1. Suppose -132 = -t*l - 7. Is l a prime number?
False
Suppose 4*h + 10 = -h. Let v(b) = 92*b**2 - 16*b - 3. Let c(n) = 23*n**2 - 4*n - 1. Let w(l) = 9*c(l) - 2*v(l). Is w(h) a composite number?
False
Suppose x = 2*l + 65, 4*x - 3*l - 245 = 2*l. Suppose 0 = 4*r - 1461 - x. Is r prime?
True
Let y be (-8)/24 + (-16)/6. Is -1*188/(-2) - y prime?
True
Is ((-555)/(-30))/((-2)/(-28)) composite?
True
Let z(c) = c**2 + c. Let t(p) = -7*p + 3. Let w(n) = t(n) + z(n). Let f be w(4). Is 15 + (1 - f)/(-3) composite?
False
Let o(y) = -2*y - 6. Let f be o(-6). Suppose 2*a - 43 = 3*g - f*g, -g = 5*a - 127. Is a a prime number?
False
Suppose 3*f = -0 + 3. Let g be (f/2)/((-1)/(-64)). Suppose -5*y + g = -13. Is y a prime number?
False
Suppose 1804 = -2*m + 6*m. Is m a prime number?
False
Suppose -3*w = w - 5516. Is w a composite number?
True
Let u(v) = 85*v**2 - 2*v + 1. Is u(2) prime?
True
Let y(s) = -1 + 50*s + 5*s + 6*s - 8*s. Is y(4) prime?
True
Let g = -6 + 3. Is 1 + g + 0 - -25 prime?
True
Let q(k) = 2*k**2 + 1. Let w(a) be the third derivative of -a**4/24 + a**3/6 - a**2. Let o be w(2). Is q(o) a prime number?
True
Suppose v - 9 = z, -2*z = -3*v - 0*z + 28. Suppose 2*o = v - 2. Suppose p - o*p = -21. Is p prime?
True
Suppose 3*y + 1075 - 4489 = 0. Is y a prime number?
False
Let r be 0 + -1 + 2 + -3. Is (r/4)/((-1)/148) composite?
True
Let w = 1 - -3. Let g be 302/(-4)*w/(-2). Suppose -3*a + 3*t - 14 = -95, 0 = -5*a + t + g. Is a a prime number?
True
Let l = 4797 + -1894. Is l a composite number?
False
Let v = 2914 - 1559. Is v a composite number?
True
Let a(k) = 8*k**2 - 6*k + 2. Let n be a(6). Suppose -n = -0*s + 2*s. Let i = -36 - s. Is i a prime number?
False
Let t = -5 - -5. Suppose 2*b + b - 165 = t. Is b composite?
True
Let l(n) = 3*n - 7. Let q(j) = 7*j - 15. Let y(v) = -5*l(v) + 2*q(v). Let z be y(0). Suppose 0 = 2*r - 0*r + 4*t - 8, -17 = -2*r + z*t. Is r a composite number?
True
Suppose -2*v - 46 = -468. Is v a prime number?
True
Let g(d) = -32*d**2. Let k be g(1). Let u be (-1)/5 - k/10. Suppose -22 = -x + 5*l, u*x + 3*l - 30 = 90. Is x a prime number?
True
Let x(u) = 1810*u**2 - 3*u - 2. Is x(-1) a prime number?
True
Let v = 1 + 64. Is v a composite number?
True
Suppose -2*f + 2*r + 6 = 0, 2*f - r - 6 = 2*r. Suppose f*d - 2*l = 193, -d = -3*d + l + 130. Is d prime?
True
Let v(p) = p**2 - 5*p - 3. Let g be v(6). Suppose 4*m - g*n = 508, 2*m + 127 = 3*m + 3*n. Is m a composite number?
False
Let j = -22 - -59. Is j a prime number?
True
Let l(u) = u**3 - 10*u**2 - 6*u + 4. Let i be l(8). Let k = i + 261. Is k a prime number?
True
Suppose -5*u = -3*q + 42, -q - 2*u + 3 = -0. Suppose 0 = -2*f - 5*m + q, -8*f - m + 11 = -3*f. Suppose -3*h + v + 4 = 2, -5*h + f*v = -2. Is h prime?
True
Suppose 4*v + 2*d = 1410, 0 = 5*v - 4*d + 7*d - 1762. Is v a composite number?
False
Let w be -2*(-2)/(-4) + 8. Suppose -7 = 3*g - t + 3*t, 9 = -2*g + 3*t. Let o = w - g. Is o a composite number?
True
Suppose 0 = -5*i - 30 - 15. Let k = -6 - i. Suppose -k*q + 149 = -340. Is q prime?
True
Let q be (-9)/(-6)*8/2. Is ((-188)/q)/((-2)/3) a prime number?
True
Let i(v) = v**3 + 3*v**2 - 4*v + 3. Let k be i(-4). Suppose -35 = -5*h + 4*j, -k*h - 2*j = 2*j - 21. Let b = 12 + h. Is b a composite number?
False
Suppose 6*c - c = -5. Let n(j) = 12*j**2 - j. Is n(c) a prime number?
True
Let r = 16 - 12. Suppose -20 = -r*a, -q + 3*q + 5*a - 379 = 0. Is q a composite number?
True
Let n be (0 - 5)*6507/(-135). Let z be 2914/8 - 3/12. Let y = z - n. Is y a prime number?
False
Let t(p) = -10*p + 4. Suppose -n + 6*n + 15 = 0. Is t(n) a prime number?
False
Let b(t) = 2*t**2 - 22*t - 29. Is b(20) a composite number?
False
Suppose 4 = -2*b - 6. Let j = 9 + b. Suppose -j*z + 2*l = -472, -3*z + 4*l - 89 = -438. Is z a composite number?
True
Suppose 1858 = 4*t - 1710. Suppose t = 7*q - 3*q. Is q a composite number?
False
Let i = 7 - 2. Suppose -i*s = -35 + 10. Suppose -2*h = 3*q - 109, -66 - 174 = -s*h - q. Is h composite?
False
Suppose 4*l - 63 = l. Let m(u) = -u - 14. Let v be m(-6). Let f = v + l. Is f prime?
True
Let n(d) be the second derivative of -11*d**3/3 - d**2/2 + d. Is n(-1) a prime number?
False
Suppose 5*a = 36 - 1. Let b(g) = 16*g - 12*g - 3 + 1 + 17*g. Is b(a) prime?
False
Suppose t - 11